t is the units digit of f?
2
Let r(z) = z**2 + 6*z + 1. What is the units digit of r(-7)?
8
Suppose 2*s - 4 = -2*d, d = 5*s + 4*d. Let q be s/(-6)*32/2. Let v = -2 + q. What is the units digit of v?
6
Let v = -4 + 4. Suppose 0 = -4*l + 28 - v. What is the units digit of l?
7
Let b(v) = v - 4. Let w = 1 - 3. Let z be ((-44)/(-6))/(w/(-3)). What is the units digit of b(z)?
7
Suppose 5*p - 100 = 4*i, 4*p = 4 - 20. Let d be i/(-1*(-3)/(-2)). Suppose h = 5*h - d. What is the units digit of h?
5
Let a(c) = c**2 + c + 4. Let d(g) = 4*g**2 + 2*g + 11. Let y(o) = -7*a(o) + 2*d(o). What is the units digit of y(-5)?
4
Let u = 20 - -4. What is the tens digit of u?
2
Let a = 12 - 7. Let n = 10 + a. What is the tens digit of n?
1
What is the units digit of (120/(-32))/(6/(-32))?
0
Let a = 3 + 0. Suppose -6*d + a*d = -18. What is the units digit of d?
6
What is the units digit of 311 + -1 + 0/1?
0
Let z = 45 + -80. Let q = 59 + z. What is the units digit of q?
4
What is the tens digit of 2/(-7) - (-233)/7?
3
Suppose 5*s - 15 = 2*s. Suppose -2*t - 4 = -4*p, 3*t + 0 = 5*p - s. Suppose 0 = 3*y + 4*i - 26, -y + i + i + 2 = t. What is the units digit of y?
6
Let z be (-1 - 2) + 12*1. Let t = z + -5. What is the units digit of t?
4
Let w be (-3)/1*-1*-1. Let r = w + 4. What is the units digit of r?
1
Let o(l) = -11*l**2 - 2*l + 1. Let s be o(1). Let k be (-14)/18 + s/54. What is the units digit of ((-1*5)/k)/1?
5
Let y be 12/(-8) - (-38)/4. Let l be 6/4*y/6. What is the units digit of (-38)/(-4) - l/4?
9
Suppose -5*r + 171 + 9 = 0. What is the tens digit of r?
3
What is the units digit of -21*((-18)/(-14) + -3)?
6
Let b be 3/2*(-124)/(-6). Let s(r) = r**2 - r - 4. Let j be s(-4). Let o = b - j. What is the tens digit of o?
1
Suppose 0 = -z + 4 + 2. Let a(p) = -4*p - 3 - p - 2*p**2 + 3*p**2. What is the units digit of a(z)?
3
Let x = 32 - 9. Suppose -3*s + x = -l, 2*l + 4*s - 3 = 1. Let v = l - -15. What is the units digit of v?
7
Suppose -24 = -3*b - 0*b. What is the units digit of b?
8
Let m(b) = 2*b**2. Let g be m(-1). What is the units digit of 2 - -1 - (g + -4)?
5
Suppose 140 = 4*b - 0*b. What is the units digit of b?
5
Let u(x) = -x**2 - 1. Let a be u(0). What is the tens digit of -2 - (16/a + 0)?
1
What is the units digit of 6/4*(-816)/(-18)?
8
Let o(k) = 4*k - 1. Let c(u) = -u**3 - 5*u**2 + 7*u + 10. Let p be c(-6). What is the tens digit of o(p)?
1
What is the tens digit of 11*((-4)/6 + 175/15)?
2
Suppose 4*p - p - 9 = 0, 0 = -n - 2*p + 8. Suppose -t + 11 = x - n, x + 2*t - 14 = 0. What is the tens digit of x?
1
What is the tens digit of (-16)/(-12)*(-45)/(-6)?
1
Suppose 5*d - 3*c = 1836, 2*d + 2*d + 3*c = 1485. Suppose -5*s - 4*p = -d, p + p = -8. Suppose 4*i = -4*k + 60, i = 3*k - 4*i - s. What is the units digit of k?
9
Suppose -3*u - 8 = 1. Let i be (u/6)/(1/12). What is the units digit of 1/(-6) - 19/i?
3
Suppose 0 = -3*o + 7*o - 100. What is the units digit of 4 + -3 + 1 + o?
7
Let v be (-10 - -4)*(-2)/6. Suppose 5*k + 3 = -v. Let q(m) = 10*m**2 + m. What is the units digit of q(k)?
9
Let w be ((-2)/(-3))/((-2)/3). Let t(n) = -3*n - 1. Let l be t(w). Suppose l*a - 9 = -5*s, -4 = -3*a - 0*s + 2*s. What is the units digit of a?
2
Let y(l) = l**2 - 3*l. Suppose 5*n - c - 5 = -20, -5*c - 5 = -5*n. What is the tens digit of y(n)?
2
Suppose 2*z + 4*p = -6 - 4, -4*p + 67 = -5*z. Let t = z + 16. Suppose -49 = -5*v + d, -4*v + 13 = -t*d - 22. What is the tens digit of v?
1
Let c(j) = -j**3 + 8*j**2 - 6*j + 7. What is the tens digit of c(7)?
1
Let l(h) = -h**3 + 6*h**2 - 4*h + 6. What is the units digit of l(5)?
1
Let q be (-4)/3*138/4. Let p = q - -68. What is the tens digit of p?
2
Suppose 7 + 3 = 5*p. Suppose v = -p*v + 33. Let r = -4 + v. What is the units digit of r?
7
Let a(p) = p**3 - 11*p**2 + 14*p - 5. What is the tens digit of a(10)?
3
Let b(h) = 2*h**2 - h - 1. Let i be b(5). Let a = i - 1. What is the tens digit of a?
4
Let y = -24 + 84. What is the tens digit of y?
6
Let a be 34/6 - (-6)/(-9). Suppose -8 = -2*v - 2*r - r, -4*r - 8 = 0. Suppose z = v + a. What is the tens digit of z?
1
Suppose -7*j = -14*j + 511. What is the tens digit of j?
7
Suppose -p + 121 + 3 = 0. What is the hundreds digit of p?
1
Let b be (3/(-2))/((-1)/2). Suppose -5*m - 2*g + 45 = 0, -2*m = -2*g + b*g - 18. What is the units digit of m?
9
Let h(t) = 10*t + 1. Let y = 2 + -1. What is the tens digit of h(y)?
1
Let s(d) = -d**2 + 5*d - 4. Let z be s(4). Suppose -10 = -2*p - z*p. Suppose p*v = 4*v + 8. What is the units digit of v?
8
Let o(d) = -d - 4. Let g be o(-6). Suppose -2*l + 3*l - g = 0. Suppose b + 34 = l*f, -3*f + f = 2*b - 40. What is the tens digit of f?
1
Suppose 3 + 1 = 3*l + x, -5*l + 8 = x. Suppose -l + 11 = 3*i. What is the units digit of i?
3
Suppose -4*v + h = -46 - 40, 0 = 5*v + 2*h - 114. What is the tens digit of v?
2
Suppose -3*h = 2*h - 70. Let b = h + -23. What is the units digit of 54/4*(-12)/b?
8
Let x be 81/(-6)*(-2)/3. Suppose -4*q + x*q = 25. What is the units digit of q?
5
Let k = 3 + 2. Let p(s) = -s + 11. What is the units digit of p(k)?
6
Let r(s) = -s**3 - 3*s**2 + 17*s + 2. What is the units digit of r(-7)?
9
Let o = 0 - -16. What is the tens digit of o?
1
Suppose 4200 = -3*v + 15*v. What is the tens digit of v?
5
Let n = -18 + 31. What is the units digit of n?
3
Suppose -5*n = -2*y + 6, y + 0 = 4*n + 6. Let o be ((-1)/n)/((-5)/(-30)). What is the units digit of o/5 - 4/(-10)?
1
Let c(l) = 6*l + 5. Let v be c(-4). Let w = -10 - v. What is the units digit of w?
9
Let i(v) = -2*v + 6. Let w be i(8). Let d = 20 + w. What is the units digit of (7/(-2))/((-5)/d)?
7
Let u(b) = -b**3 + 7*b**2 + 8*b - 2. Let v be u(6). Let f = -3 + 3. Suppose 5*l = 4*s + 86, f = -5*l - s + 4*s + v. What is the tens digit of l?
1
Let w = -21 - -12. What is the units digit of 5 + -3 - (w + -1)?
2
Let b(f) = -2*f**3 - 6*f**2 - 6*f - 5. Let w be b(-4). Suppose -5*u + 128 = 4*s + 43, 0 = -3*u - 3*s + w. What is the tens digit of u?
1
Let s = -11 - -20. Let v be (-255)/(-9) - 3/s. Suppose 4*y - 36 = v. What is the tens digit of y?
1
Let m(q) = 3*q**2 - q + 5. What is the units digit of m(-4)?
7
Let i = 82 - 16. Suppose 3*h = 5*h - i. What is the units digit of h?
3
Suppose -10*i + 5*i + 3*b = -1915, -365 = -i - 3*b. What is the hundreds digit of i?
3
Suppose -5*j + 355 = -5*x - 330, 503 = 4*j + 5*x. What is the units digit of j?
2
What is the units digit of 1*1/3*(0 - -18)?
6
Let i(w) = w + 6. Let v be i(9). Let s = 25 - v. What is the tens digit of s?
1
What is the units digit of (-6)/27 + -1 + 2744/36?
5
Let b(a) = -a**2 - 3*a + 1. Let r = -3 - -6. Let u = 0 - r. What is the units digit of b(u)?
1
Let u(l) = -l**3 - 2*l**2 + l - 1. Let w be u(-3). Suppose -34 = -4*k - 0*q + 2*q, 5*k - 50 = w*q. What is the units digit of k?
7
Suppose 2*f - c - 10 = 25, 2*c - 90 = -4*f. What is the tens digit of f?
2
Let b be 23 + 2*4/(-8). Let t = b + 19. What is the units digit of t?
1
Let b(j) = j + 1. Let k be b(3). Suppose k*x - 36 = 104. What is the tens digit of x?
3
Let d(k) = 2 - 3 - 7*k + 2*k. What is the units digit of d(-1)?
4
Let b = 38 - 4. What is the units digit of b?
4
Let q(y) = 8*y**2 - 1. Let x be q(-1). Suppose -x*z + 2*z = -65. What is the tens digit of z?
1
Suppose 3 = 2*s - 5. Let c = 16 + -10. Let a = c - s. What is the units digit of a?
2
Let w = 64 - 30. What is the units digit of w?
4
What is the tens digit of (-234)/(-3)*3/6?
3
Let g be (78/4)/(3/6). Let p = -16 + g. What is the tens digit of p?
2
Let c be 2 + 2 + 1 + -2. Let n = c + 0. Suppose 0 = -2*r - 4*t + 28, 5*r = 5*t + 13 - n. What is the units digit of r?
6
Let f be ((-12)/(-9))/(2/15). Suppose 6*g + 148 = f*g. What is the units digit of g?
7
Suppose -3*c + 61 + 49 = -4*j, 110 = 4*c + 2*j. What is the units digit of c?
0
Suppose -4*m = 3 - 23. Suppose -25 - 75 = -m*o. What is the units digit of o?
0
Suppose -5*l + 2*y + 0*y = -31, 2*l + 3*y - 1 = 0. What is the units digit of 4/20*2*l?
2
Suppose 2*l - 47 - 53 = 0. Suppose 2*u - 12 = -5*m, -3*m - 5*u - 8 = -0. Suppose -18 = -m*n + l. What is the tens digit of n?
1
Suppose 4*l + l - 5*h + 5 = 0, 3*h - 12 = 0. What is the tens digit of 1/((-112)/38 + l)?
1
Let b(x) = 2*x - 9. Let t be b(5). Suppose n + 4*g - 24 = t, -n = 2*g - 33. What is the tens 